{"id":13,"date":"2026-02-27T12:29:48","date_gmt":"2026-02-27T12:29:48","guid":{"rendered":"https:\/\/rutthedaohan247.com\/?page_id=13"},"modified":"2026-02-28T06:06:24","modified_gmt":"2026-02-28T06:06:24","slug":"dich-vu-rut-tien-mat","status":"publish","type":"page","link":"https:\/\/rutthedaohan247.com\/index.php\/dich-vu-rut-tien-mat\/","title":{"rendered":"D\u1ecbch v\u1ee5 r\u00fat ti\u1ec1n m\u1eb7t"},"content":{"rendered":"<header class=\"entry-header\">\n<div class=\"entry-header-text entry-header-text-top text-left\">\n<h1 class=\"entry-title\">D\u1ecbch v\u1ee5 r\u00fat ti\u1ec1n m\u1eb7t<\/h1>\n<div class=\"entry-divider is-divider small\"><\/div>\n<\/div>\n<\/header>\n<div class=\"entry-content single-page\">\n<p>Trong th\u1eddi \u0111\u1ea1i hi\u1ec7n nay, vi\u1ec7c s\u1eed d\u1ee5ng th\u1ebb t\u00edn d\u1ee5ng \u0111\u00e3 tr\u1edf n\u00ean ng\u00e0y c\u00e0ng ph\u1ed5 bi\u1ebfn. Tuy nhi\u00ean, trong m\u1ed9t s\u1ed1 tr\u01b0\u1eddng h\u1ee3p kh\u1ea9n c\u1ea5p, nhu c\u1ea7u\u00a0<em>r\u00fat ti\u1ec1n m\u1eb7t t\u1eeb th\u1ebb t\u00edn d\u1ee5ng<\/em>\u00a0v\u1eabn ph\u00e1t sinh.<\/p>\n<p>R\u00fat ti\u1ec1n t\u1eeb th\u1ebb t\u00edn d\u1ee5ng l\u00e0 m\u1ed9t d\u1ecbch v\u1ee5 h\u1eefu \u00edch, cho ph\u00e9p ng\u01b0\u1eddi d\u00f9ng tr\u00edch xu\u1ea5t ti\u1ec1n m\u1eb7t b\u1eb1ng c\u00e1ch s\u1eed d\u1ee5ng th\u1ebb t\u00edn d\u1ee5ng c\u1ee7a m\u00ecnh, c\u00f3 th\u1ec3 r\u00fat m\u1ed9t ph\u1ea7n ho\u1eb7c to\u00e0n b\u1ed9 h\u1ea1n m\u1ee9c.<\/p>\n<p><strong>R\u00fat ti\u1ec1n th\u1ebb t\u00edn d\u1ee5ng<\/strong>\u00a0kh\u00f4ng c\u00f2n xa l\u1ea1 \u0111\u1ed1i v\u1edbi m\u1ecdi ng\u01b0\u1eddi t\u1eeb l\u00e2u. \u0110\u1ec3 gi\u00fap b\u1ea1n c\u00f3 c\u00e1i nh\u00ecn r\u00f5 r\u00e0ng h\u01a1n v\u00ea\u0300 di\u0323ch vu\u0323 na\u0300y, ch\u00fang t\u00f4i t\u1ea1i\u00a0<strong>R\u00fat Ti\u1ec1n Nhanh<\/strong>\u00a0xin gi\u1edbi thi\u1ec7u \u0111\u1ebfn b\u1ea1n nh\u1eefng th\u00f4ng tin c\u1ea7n bi\u1ebft v\u1ec1 vi\u00ea\u0323c\u00a0<strong>ru\u0301t ti\u00ea\u0300n t\u01b0\u0300 the\u0309 ti\u0301n du\u0323ng<\/strong>.<\/p>\n<h2>Di\u0323ch vu\u0323 ru\u0301t ti\u00ea\u0300n the\u0309 ti\u0301n du\u0323ng uy ti\u0301n va\u0300 ch\u00e2\u0301t l\u01b0\u01a1\u0323ng<\/h2>\n<p><strong>D\u1ecbch v\u1ee5 r\u00fat ti\u1ec1n th\u1ebb t\u00edn d\u1ee5ng<\/strong>\u00a0c\u1ee7a\u00a0<strong>R\u00fat Ti\u1ec1n Nhanh<\/strong>\u00a0l\u00e0 m\u1ed9t gi\u1ea3i ph\u00e1p ti\u1ec7n l\u1ee3i v\u00e0 nhanh ch\u00f3ng cho nhu c\u1ea7u ti\u00eau d\u00f9ng c\u1ee7a b\u1ea1n. V\u1edbi ch\u00fang t\u00f4i, b\u1ea1n c\u00f3 th\u1ec3 r\u00fat ti\u1ec1n c\u1ee7a m\u00ecnh m\u1ed9t c\u00e1ch d\u1ec5 d\u00e0ng v\u00e0 an to\u00e0n.<\/p>\n<p>Ch\u1ec9 c\u1ea7n \u0111\u1ebfn b\u1ea5t k\u1ef3 chi nh\u00e1nh ho\u1eb7c \u0111i\u1ec3m giao d\u1ecbch c\u1ee7a ch\u00fang t\u00f4i, ch\u00fang t\u00f4i s\u1ebd h\u1ed7 tr\u1ee3 b\u1ea1n trong quy tr\u00ecnh r\u00fat ti\u1ec1n, kh\u00f4ng c\u1ea7n \u0111\u1ebfn ng\u00e2n h\u00e0ng g\u1ed1c. Ch\u00fang t\u00f4i cam k\u1ebft \u0111\u1ea3m b\u1ea3o s\u1ef1 b\u1ea3o m\u1eadt v\u00e0 tin c\u1eady tuy\u1ec7t \u0111\u1ed1i trong vi\u1ec7c x\u1eed l\u00fd giao d\u1ecbch c\u1ee7a b\u1ea1n.<\/p>\n<p>V\u1edbi\u00a0<strong>d\u1ecbch v\u1ee5 r\u00fat ti\u1ec1n m\u0103\u0323t th\u1ebb t\u00edn d\u1ee5ng<\/strong>\u00a0c\u1ee7a ch\u00fang t\u00f4i, b\u1ea1n c\u00f3 th\u1ec3 ti\u1ebfp t\u1ee5c s\u1eed d\u1ee5ng ti\u1ec1n m\u1eb7t m\u1ed9t c\u00e1ch linh ho\u1ea1t v\u00e0 thu\u1eadn ti\u1ec7n. H\u00e3y \u0111\u1ebfn v\u1edbi chu\u0301ng t\u00f4i \u0111\u1ec3 tr\u1ea3i nghi\u1ec7m d\u1ecbch v\u1ee5 t\u1ed1t nh\u1ea5t v\u00e0 \u0111\u00e1ng tin c\u1eady.<\/p>\n<blockquote>\n<h2>Quy tri\u0300nh ru\u0301t ti\u00ea\u0300n the\u0309 ti\u0301n du\u0323ng ta\u0323i R\u00fat Ti\u1ec1n Nhanh<\/h2>\n<ul>\n<li>B\u01b0\u01a1\u0301c 1: Quy\u0301 kha\u0301ch ha\u0300ng li\u00ean h\u00ea\u0323 v\u01a1\u0301i chu\u0301ng t\u00f4i va\u0300 cho \u0111\u00f4\u0323i ngu\u0303 nh\u00e2n vi\u00ean ch\u0103m so\u0301c bi\u00ea\u0301t s\u00f4\u0301 ti\u00ea\u0300n ma\u0300 ba\u0323n mu\u00f4\u0301n ru\u0301t.<\/li>\n<li>B\u01b0\u01a1\u0301c 2: \u0110\u00f4\u0323i ngu\u0303 nh\u00e2n vi\u00ean cu\u0309a chu\u0301ng t\u00f4i se\u0303 ti\u00ea\u0301n ha\u0300nh t\u01b0 v\u00e2\u0301n cho kha\u0301ch ha\u0300ng v\u00ea\u0300 di\u0323ch vu\u0323, cu\u0303ng nh\u01b0 nh\u01b0\u0303ng loa\u0323i gi\u00e2\u0301y t\u01a1\u0300 c\u00e2\u0300n thi\u00ea\u0301t.<\/li>\n<li>B\u01b0\u01a1\u0301c 3: Kha\u0301ch ha\u0300ng chu\u00e2\u0309n bi\u0323 \u0111\u00e2\u0300y \u0111u\u0309 the\u0309 ti\u0301n du\u0323ng va\u0300 CCCD sau \u0111o\u0301 \u0111\u00ea\u0301n v\u0103n pho\u0300ng cu\u0309a chu\u0301ng t\u00f4i \u0111\u00ea\u0309 nh\u00e2n vi\u00ean h\u00f4\u0303 tr\u01a1\u0323 giao di\u0323ch.<\/li>\n<li>B\u01b0\u01a1\u0301c 4: Kha\u0301ch ha\u0300ng \u0111i\u00ea\u0300n th\u00f4ng tin \u0111\u00e2\u0300y \u0111u\u0309 va\u0300 ky\u0301 va\u0300o va\u0300o phi\u00ea\u0301u giao di\u0323ch.<\/li>\n<li>B\u01b0\u01a1\u0301c 5: Kha\u0301ch ha\u0300ng l\u01b0\u0323a cho\u0323n nh\u00e2\u0323n ti\u00ea\u0300n m\u0103\u0323t ho\u0103\u0323c chuy\u00ea\u0309n khoa\u0309n, cu\u0303ng nh\u01b0 thanh toa\u0301n chi phi\u0301 va\u0300 k\u00ea\u0301t thu\u0301c mu\u0323c giao di\u0323ch.<\/li>\n<\/ul>\n<\/blockquote>\n<h2>Nh\u01b0\u0303ng ng\u00e2n ha\u0300ng ma\u0300 chu\u0301ng t\u00f4i nh\u00e2\u0323n giao di\u0323ch the\u0309 ti\u0301n du\u0323ng<\/h2>\n<p>D\u01b0\u1edbi \u0111\u00e2y l\u00e0 m\u1ed9t s\u1ed1 ng\u00e2n h\u00e0ng ph\u1ed5 bi\u1ebfn m\u00e0 b\u1ea1n c\u00f3 th\u1ec3 s\u1eed d\u1ee5ng \u0111\u1ec3 giao d\u1ecbch th\u1ebb t\u00edn d\u1ee5ng nh\u01b0: Vietcombank, Techcombank, BIDV, Agribank, VietinBank, VPBank, Sacombank, HDBank., VIB, Ocean Bank,\u2026<\/p>\n<p>\u0110\u00e2y ch\u1ec9 l\u00e0 m\u1ed9t s\u1ed1 v\u00ed d\u1ee5 v\u00e0 c\u00f3 nhi\u1ec1u ng\u00e2n h\u00e0ng kh\u00e1c ma\u0300 chu\u0301ng t\u00f4i cung c\u1ea5p\u00a0<strong>d\u1ecbch v\u1ee5 ru\u0301t ti\u00ea\u0300n th\u1ebb t\u00edn d\u1ee5ng<\/strong>. B\u1ea1n n\u00ean li\u00ean h\u1ec7 tr\u1ef1c ti\u1ebfp v\u1edbi \u0111\u00f4\u0323i ngu\u0303 nh\u00e2n vi\u00ean cu\u0309a chu\u0301ng t\u00f4i \u0111\u1ec3 bi\u1ebft th\u00eam chi ti\u1ebft v\u1ec1 c\u00e1c d\u1ecbch v\u1ee5 m\u00e0 chu\u0301ng t\u00f4i \u0111ang cung c\u1ea5p t\u01a1\u0301i kha\u0301ch ha\u0300ng.<\/p>\n<h2>\u01afu \u0111i\u00ea\u0309m khi ru\u0301t ti\u00ea\u0300n the\u0309 ti\u0301n du\u0323ng ta\u0323i R\u00fat Ti\u1ec1n Nhanh<\/h2>\n<ul>\n<li>Ti\u1ec7n l\u1ee3i: T\u00e0i Ch\u00ednh L\u1ed9c Ph\u00e1t c\u00f3 th\u1ec3 cung c\u1ea5p d\u1ecbch v\u1ee5 r\u00fat ti\u1ec1n t\u1eeb th\u1ebb t\u00edn d\u1ee5ng m\u1ed9t c\u00e1ch nhanh ch\u00f3ng v\u00e0 ti\u1ec7n l\u1ee3i. B\u1ea1n c\u00f3 th\u1ec3 \u0111\u00ea\u0301n tr\u01b0\u0323c ti\u00ea\u0301p c\u00e1c \u0111i\u1ec3m giao d\u1ecbch c\u1ee7a T\u00e0i Ch\u00ednh L\u1ed9c Ph\u00e1t m\u00e0 kh\u00f4ng c\u1ea7n \u0111\u1ebfn ng\u00e2n h\u00e0ng hay \u0111i\u1ec1u ki\u1ec7n kh\u00e1c.<\/li>\n<li>S\u1ef1 linh ho\u1ea1t: R\u00fat ti\u1ec1n t\u1eeb th\u1ebb t\u00edn d\u1ee5ng t\u1ea1i\u00a0<strong><em>R\u00fat Ti\u1ec1n Nhanh<\/em><\/strong>\u00a0cho ph\u00e9p b\u1ea1n r\u00fat ti\u1ec1n m\u1eb7t t\u1eeb h\u1ea1n m\u1ee9c t\u00edn d\u1ee5ng \u0111\u00e3 \u0111\u01b0\u1ee3c x\u00e1c \u0111\u1ecbnh tr\u01b0\u1edbc \u0111\u00f3.<\/li>\n<li>Chi phi\u0301 v\u00f4 cu\u0300ng re\u0309: R\u00fat ti\u1ec1n t\u1eeb th\u1ebb t\u00edn d\u1ee5ng t\u1ea1i\u00a0<strong><em>R\u00fat Ti\u1ec1n Nhanh<\/em><\/strong>\u00a0co\u0301 chi phi\u0301 v\u00f4 cu\u0300ng th\u00e2\u0301p. \u0110i\u1ec1u n\u00e0y gi\u00fap b\u1ea1n ti\u00ea\u0301t ki\u00ea\u0323m \u0111\u01b0\u01a1\u0323c m\u00f4\u0323t khoa\u0309n chi phi\u0301 nho\u0309.<\/li>\n<li>B\u1ea3o m\u1eadt:\u00a0<strong><em>R\u00fat Ti\u1ec1n Nhanh<\/em><\/strong>\u00a0c\u00f3 th\u1ec3 cung c\u1ea5p m\u00f4i tr\u01b0\u1eddng giao d\u1ecbch an to\u00e0n v\u00e0 b\u1ea3o m\u1eadt. H\u1ecd c\u00f3 th\u1ec3 s\u1eed d\u1ee5ng c\u00e1c bi\u1ec7n ph\u00e1p b\u1ea3o m\u1eadt ti\u00ean ti\u1ebfn \u0111\u1ec3 \u0111\u1ea3m b\u1ea3o th\u00f4ng tin c\u00e1 nh\u00e2n v\u00e0 t\u00e0i kho\u1ea3n c\u1ee7a b\u1ea1n \u0111\u01b0\u1ee3c b\u1ea3o v\u1ec7.<\/li>\n<\/ul>\n<p>V\u00e2\u0323y b\u00ean tr\u00ean la\u0300 th\u00f4ng tin chi ti\u00ea\u0301t v\u00ea\u0300\u00a0<strong>di\u0323ch vu\u0323 ru\u0301t ti\u00ea\u0300n m\u0103\u0323t the\u0309 ti\u0301n du\u0323ng<\/strong>\u00a0ma\u0300 chu\u0301ng t\u00f4i \u0111ang cung c\u00e2\u0301p t\u01a1\u0301i ca\u0301c kha\u0301ch ha\u0300ng. N\u00ea\u0301u ba\u0323n \u0111ang co\u0301 nhu c\u00e2\u0300u, ha\u0303y li\u00ean h\u00ea\u0323 ngay v\u01a1\u0301i\u00a0<strong><em>R\u00fat Ti\u1ec1n Nhanh\u00a0<\/em><\/strong>\u0111\u00ea\u0309 \u0111\u01b0\u01a1\u0323c t\u01b0 v\u00e2\u0301n chi ti\u00ea\u0301t h\u01a1n v\u00ea\u0300 di\u0323ch vu\u0323 cu\u0309a chu\u0301ng t\u00f4i nhe\u0301.<\/p>\n<\/div>\n","protected":false},"excerpt":{"rendered":"<p>D\u1ecbch v\u1ee5 r\u00fat ti\u1ec1n m\u1eb7t Trong th\u1eddi \u0111\u1ea1i hi\u1ec7n nay, vi\u1ec7c s\u1eed d\u1ee5ng th\u1ebb t\u00edn d\u1ee5ng \u0111\u00e3 tr\u1edf n\u00ean ng\u00e0y c\u00e0ng ph\u1ed5 bi\u1ebfn. Tuy nhi\u00ean, trong m\u1ed9t s\u1ed1 tr\u01b0\u1eddng h\u1ee3p kh\u1ea9n c\u1ea5p, nhu c\u1ea7u\u00a0r\u00fat ti\u1ec1n m\u1eb7t t\u1eeb th\u1ebb t\u00edn d\u1ee5ng\u00a0v\u1eabn ph\u00e1t sinh. R\u00fat ti\u1ec1n t\u1eeb th\u1ebb t\u00edn d\u1ee5ng l\u00e0 m\u1ed9t d\u1ecbch v\u1ee5 h\u1eefu \u00edch, cho [&#8230;]\n","protected":false},"author":1,"featured_media":0,"parent":0,"menu_order":0,"comment_status":"closed","ping_status":"closed","template":"page-right-sidebar.php","meta":{"footnotes":""},"class_list":["post-13","page","type-page","status-publish","hentry"],"_links":{"self":[{"href":"https:\/\/rutthedaohan247.com\/index.php\/wp-json\/wp\/v2\/pages\/13","targetHints":{"allow":["GET"]}}],"collection":[{"href":"https:\/\/rutthedaohan247.com\/index.php\/wp-json\/wp\/v2\/pages"}],"about":[{"href":"https:\/\/rutthedaohan247.com\/index.php\/wp-json\/wp\/v2\/types\/page"}],"author":[{"embeddable":true,"href":"https:\/\/rutthedaohan247.com\/index.php\/wp-json\/wp\/v2\/users\/1"}],"replies":[{"embeddable":true,"href":"https:\/\/rutthedaohan247.com\/index.php\/wp-json\/wp\/v2\/comments?post=13"}],"version-history":[{"count":1,"href":"https:\/\/rutthedaohan247.com\/index.php\/wp-json\/wp\/v2\/pages\/13\/revisions"}],"predecessor-version":[{"id":14,"href":"https:\/\/rutthedaohan247.com\/index.php\/wp-json\/wp\/v2\/pages\/13\/revisions\/14"}],"wp:attachment":[{"href":"https:\/\/rutthedaohan247.com\/index.php\/wp-json\/wp\/v2\/media?parent=13"}],"curies":[{"name":"wp","href":"https:\/\/api.w.org\/{rel}","templated":true}]}}